
True
Is 46885613 composite?
True
Is 484397 prime?
True
Is 21219431 prime?
True
Is 11196431 prime?
False
Is 28196017 a composite number?
True
Is 95371883 a composite number?
True
Is 142230607 composite?
True
Is 85883359 prime?
True
Is 26661137 prime?
True
Is 33463151 prime?
True
Is 64230751 composite?
True
Is 261585089 a composite number?
False
Is 18036481 composite?
True
Is 650803 composite?
True
Is 15676873 composite?
True
Is 205358117 a composite number?
False
Is 13228559 a prime number?
False
Is 8750789 a composite number?
True
Is 43091773 prime?
False
Is 42411031 composite?
True
Is 72927979 a composite number?
False
Is 4655881 prime?
True
Is 14918929 composite?
False
Is 4065657 a prime number?
False
Is 150409019 composite?
True
Is 4516859 composite?
True
Is 281882477 a prime number?
False
Is 4304719 a composite number?
False
Is 8306603 prime?
True
Is 60227003 prime?
True
Is 21829358 a composite number?
True
Is 13128649 a prime number?
True
Is 217833863 a prime number?
False
Is 12943277 a composite number?
False
Is 19866463 composite?
False
Is 64553987 a prime number?
False
Is 116202653 a composite number?
True
Is 17461729 a composite number?
False
Is 1365011 prime?
True
Is 27774503 a composite number?
False
Is 2013014 prime?
False
Is 52814183 prime?
False
Is 978588529 composite?
False
Is 27333491 a prime number?
False
Is 207302127 a composite number?
True
Is 114939271 prime?
False
Is 24571037 a composite number?
True
Is 56372749 prime?
True
Is 101731013 composite?
False
Is 311821 a prime number?
True
Is 32708111 a prime number?
False
Is 24345019 prime?
True
Is 8458847 prime?
True
Is 1971239 a prime number?
False
Is 91073959 prime?
True
Is 754759 a prime number?
False
Is 17769461 composite?
False
Is 740179 composite?
True
Is 61264591 composite?
True
Is 2916913 a prime number?
False
Is 3819353 a composite number?
False
Is 356416909 a prime number?
True
Is 16883047 prime?
False
Is 2240437 prime?
False
Is 2266751 composite?
True
Is 87911783 a composite number?
True
Is 528811 a composite number?
False
Is 135907643 composite?
False
Is 19018367 a composite number?
False
Is 4503971 a prime number?
False
Is 10992799 prime?
True
Is 6017546 a prime number?
False
Is 10299623 prime?
True
Is 41589131 composite?
False
Is 26942647 a prime number?
False
Is 37292837 a prime number?
False
Is 54771217 a composite number?
False
Is 418174709 a composite number?
False
Is 490481 a composite number?
False
Is 566989 prime?
False
Is 10815307 a prime number?
False
Is 331069 a prime number?
False
Is 73698137 a composite number?
False
Is 7783669 prime?
True
Is 58742331 a prime number?
False
Is 5396393 composite?
False
Is 9309103 composite?
False
Is 1054397 composite?
True
Is 12319427 a prime number?
True
Is 51907627 prime?
True
Is 2573427 a composite number?
True
Is 1509017 prime?
False
Is 143671001 prime?
False
Is 3319217 a composite number?
True
Is 686611 prime?
True
Is 9064829 a composite number?
True
Is 492454603 composite?
True
Is 9883619 composite?
False
Is 835313 composite?
False
Is 2046553 a prime number?
True
Is 3807503 prime?
False
Is 7274767 prime?
True
Is 35555297 a composite number?
False
Is 21289399 prime?
True
Is 3710543 prime?
True
Is 1288494947 a composite number?
True
Is 116318557 composite?
False
Is 125409347 a composite number?
True
Is 49394 composite?
True
Is 2575961 composite?
True
Is 75580777 prime?
True
Is 10203781 composite?
True
Is 268543 a prime number?
False
Is 1467581 prime?
True
Is 5974337 prime?
True
Is 26833943 a prime number?
False
Is 2272541 composite?
True
Is 23979063 a prime number?
False
Is 2835061 prime?
True
Is 63223099 a prime number?
True
Is 187775657 a composite number?
True
Is 829455227 a composite number?
False
Is 3894001 composite?
False
Is 5782613 a composite number?
True
Is 530939417 prime?
True
Is 370691933 composite?
False
Is 515572859 a composite number?
False
Is 87696937 a prime number?
True
Is 44143927 a prime number?
True
Is 14625689 a composite number?
True
Is 7666181 a prime number?
True
Is 3325451 prime?
False
Is 31369567 composite?
True
Is 599591 a composite number?
False
Is 1355859831 a prime number?
False
Is 19185817 composite?
True
Is 2743043 a composite number?
False
Is 22880113 prime?
False
Is 5710087 a composite number?
False
Is 3117921 prime?
False
Is 3253799 composite?
False
Is 25572041 prime?
False
Is 208309 a composite number?
False
Is 431874629 prime?
False
Is 23081603 composite?
True
Is 8840627 a prime number?
True
Is 3641241 prime?
False
Is 1064804341 prime?
True
Is 41938151 a composite number?
False
Is 3929603 composite?
True
Is 291195563 a prime number?
False
Is 25777667 a prime number?
False
Is 9961241 prime?
False
Is 4918717 a composite number?
False
Is 32706481 prime?
True
Is 304888691 a prime number?
True
Is 404539357 composite?
True
Is 7056169 composite?
True
Is 3556481 composite?
True
Is 294530074 a prime number?
False
Is 10556891 a composite number?
False
Is 8484527 a composite number?
True
Is 33072791 composite?
True
Is 226283 a prime number?
True
Is 48161033 a prime number?
True
Is 229832402 composite?
True
Is 364864837 composite?
False
Is 137417789 a prime number?
False
Is 7030519 composite?
True
Is 25214797 composite?
True
Is 11731627 prime?
False
Is 1214002 a prime number?
False
Is 120684287 a prime number?
False
Is 29620187 composite?
False
Is 3690227 a composite number?
False
Is 205410967 a prime number?
True
Is 148933949 composite?
False
Is 27115919 a prime number?
False
Is 68857143 prime?
False
Is 4500007 prime?
True
Is 25872697 a composite number?
False
Is 4771105 composite?
True
Is 546731 prime?
True
Is 39453217 prime?
True
Is 2690929 a prime number?
False
Is 6269999 a prime number?
False
Is 3380227 composite?
False
Is 4252043 prime?
False
Is 1200637 a prime number?
True
Is 2122519 a prime number?
False
Is 3224497 a prime number?
True
Is 6080783 a composite number?
True
Is 72859 a composite number?
False
Is 5589231 composite?
True
Is 2082299 a prime number?
False
Is 27479669 prime?
False
Is 360215 prime?
False
Is 1165643 a composite number?
False
Is 887057 a prime number?
True
Is 8845633 a composite number?
True
Is 165497297 a prime number?
False
Is 318471893 prime?
True
Is 2646533 composite?
False
Is 2740415 prime?
False
Is 15973289 prime?
True
Is 35376443 prime?
False
Is 2404846 a prime number?
False
Is 7681251 a prime number?
False
Is 151738139 a composite number?
True
Is 321283 composite?
True
Is 8205913 a prime number?
True
Is 93554939 a prime number?
False
Is 177101 a composite number?
False
Is 33260999 composite?
True
Is 3823919 composite?
True
Is 39824089 a composite number?
True
Is 263759 composite?
False
Is 100367089 a composite number?
False
Is 7572391 prime?
True
Is 1695809 a prime number?
True
Is 60022561 a prime number?
True
Is 72312647 a prime number?
False
Is 27973351 a prime number?
False
Is 6513953 composite?
False
Is 2936233 prime?
True
Is 7200271 a composite number?
True
Is 141073883 composite?
True
Is 8571041 a composite number?
False
Is 74483351 a prime number?
True
Is 6575443 prime?
False
Is 129079 a prime number?
False
Is 94252721 a prime number?
True
Is 6001577 prime?
True
Is 24416401 composite?
False
Is 1493839 a prime number?
True
Is 109262539 prime?
False
Is 6427807 a composite number?
False
Is 9387437 prime?
False
Is 7440401 a composite number?
True
Is 97278781 a prime number?
True
Is 76305079 a prime number?
False
Is 109520603 prime?
True
Is 122142629 a prime number?
False
Is 195099979 prime?
True
Is 4077797 a prime number?
False
Is 56547373 a composite number?
False
Is 184745437 a prime number?
False
Is 409991 a composite number?
True
Is 19056287 a prime number?
False
Is 838709 a prime number?
False
Is 14999687 a composite number?
False
Is 1605817 a prime number?
False
Is 220728793 prime?
False
Is 550937 prime?
True
Is 2188051 composite?
True
Is 57406913 a composite number?
False
Is 1618031 prime?
False
Is 92770157 composite?
False
Is 136691749 prime?
True
Is 100218421 a prime number?
True
Is 95947991 a composite number?
False
Is 2113873 a composite number?
False
Is 89740867 prime?
False
Is 1327307 prime?
False
Is 6576491 a prime number?
False
Is 190529879 a prime number?
True
Is 11113907 a prime number?
False
Is 11203145 a prime number?
False
